
Let c(b) = b**3 - 8*b**2 - 5*b - 12. Let u be c(9). Suppose -u = 6*s - 612. What are the prime factors of s?
2, 7
Let y(k) = -k**2 - 21*k + 42. Suppose 2*z + z + 5*w = -34, 4*z + w + 68 = 0. What are the prime factors of y(z)?
2, 3
Let u(f) = f**3 + 15*f**2 + 14*f - 8. Suppose 5*m + 2*m = -91. List the prime factors of u(m).
2, 37
Suppose -2*r = -523 + 107. Suppose g = 5*g - r. List the prime factors of g.
2, 13
Let u(s) = -s**3 + 8*s**2 - s + 8. Let d be u(8). Let w be (d/14)/(-3 - -1). What are the prime factors of 0/(w + -3) + 54?
2, 3
Let l(o) = 3*o**2 - o + 2. Let p be -2 + 2 + -2 + -3. Let z(j) = -j**3 - 4*j**2 + 7*j + 12. Let d be z(p). What are the prime factors of l(d)?
2, 3
Suppose 2*s + 239 = 3*i, 4*s + 5*i + 515 - 48 = 0. Let w be 1/4 - s/8. What are the prime factors of (-9)/w + (-66)/(-10)?
2, 3
Suppose 0 = 5*b + f - 31, b - f - 1 = 10. Let o be 46/(-2) - 21/b. Let m = o - -54. What are the prime factors of m?
2, 7
Suppose 5*b = 3*s - 1820, -764 = -2*s + 4*b + 448. List the prime factors of s.
2, 5, 61
Suppose 0*r - 54 = -5*r + 2*x, -4*r - 2*x = -36. What are the prime factors of r?
2, 5
Let m = 2904 + -1027. List the prime factors of m.
1877
Suppose 0 = -9*x + 1020 + 33. List the prime factors of x.
3, 13
Let x(o) = -42*o**3 - 2*o + 1. What are the prime factors of x(-2)?
11, 31
Suppose l + 9 = 6*l + 2*u, -l = -3*u + 5. Let t = l - -47. Suppose 5*z - z + 2*g - 210 = 0, -t = -z - 5*g. List the prime factors of z.
53
Let l(n) = -2*n - 13. Let a be l(-4). Let r = a - -89. What are the prime factors of r?
2, 3, 7
Let z = 4109 - 591. What are the prime factors of z?
2, 1759
Let y = -431 + 3707. List the prime factors of y.
2, 3, 7, 13
Let o(l) = 21*l**2 + 11*l - 16. List the prime factors of o(11).
2, 3, 7
What are the prime factors of ((-135)/(-12))/5*412?
3, 103
Let x(b) = 3*b**2 + 8*b - 1. Let a be x(-4). Let o(y) = -y + 36. List the prime factors of o(a).
3, 7
Let u(j) = 44*j + 43. What are the prime factors of u(10)?
3, 7, 23
Let h = 6651 - 3625. What are the prime factors of h?
2, 17, 89
Let a be 1472/112 - (-2)/(-14). Suppose c = -4*c + 55. Let n = a - c. List the prime factors of n.
2
Let g(h) = 327*h**2 - 24*h - 5. What are the prime factors of g(2)?
5, 251
Suppose 4830 = 11*i - 5*i. What are the prime factors of i?
5, 7, 23
Let m = -1142 + 1828. Suppose -3*f + 5*j = -m, j + 279 = 4*f - 630. What are the prime factors of f?
227
Let k be 6*((-4)/(-8))/1. Suppose 0 = 3*q - k - 3. List the prime factors of q/4 - (-36)/8.
5
Let s(b) = -b**3 - 6*b**2 - b - 4. Let r be s(-6). Suppose 2*q + 162 = 3*h, -216 = -2*h - 2*h - r*q. List the prime factors of h.
2, 3
Let s = -14 - -14. Suppose g - 2*o - 14 = s, -5*g - 3*o + 14 = -3*g. Suppose -a + 0*a = -g. What are the prime factors of a?
2, 5
Let o(r) = r**3 - 17*r**2 + r - 17. Let f be o(17). Suppose f = -b - 5*b + 1722. What are the prime factors of b?
7, 41
List the prime factors of (21 - 87)*44/(-6).
2, 11
Let q(f) = -f**2 + 3*f - 18. Let p be q(10). What are the prime factors of p/(-110) - 816/(-5)?
2, 41
Let z(b) = -37*b - 28. List the prime factors of z(-9).
5, 61
Let s(z) = -11 + 2*z**2 + 2*z + 2*z + 8*z. List the prime factors of s(-12).
7, 19
Suppose d - 2*t - 567 + 158 = 0, d - 408 = 3*t. List the prime factors of d.
3, 137
Suppose 3*i + i = 0. Suppose 0 = -4*h + 17 - 9. What are the prime factors of (-22)/(-4)*h - i?
11
Let r be (2 + (-6)/(-4))/(2/4). Suppose -298 = -r*p + 325. What are the prime factors of p?
89
What are the prime factors of 962/2 + -3 - (0 - 2)?
2, 3, 5
Suppose a = -2*r + 55, 6*r = 3*r - 3*a + 75. Suppose -27 - 31 = -3*f + 4*q, -f + r = 4*q. Suppose -f = -3*i + 5. What are the prime factors of i?
3
Suppose 5*d = 5*y + 20, -2*y - 2*y = 4*d - 24. Let k(n) = 9*n**2 - 16*n + 22. What are the prime factors of k(d)?
167
Let b be 2*(-33)/6*(11 - 4). Let z(n) = 17*n + 6. Let x be z(6). Let r = x + b. List the prime factors of r.
31
Let a(o) = -32*o**2 - 10*o + 7. Let v be a(-8). Let g = v + 4821. List the prime factors of 2/(-6) + g/66.
43
Suppose -4*n - 5*m - 1043 = -0*m, 0 = 4*n - m + 1049. Let w = n + 406. List the prime factors of w.
2, 3
Suppose 46*n = 45*n. Suppose n = 98*z - 93*z - 490. List the prime factors of z.
2, 7
Suppose 3*k - 3600 = -3*d + 9456, -4*k = 2*d - 17416. List the prime factors of k.
2, 3, 11
Suppose 0 = o - 1, -5*o - 2989 = 3*l - 5*l. What are the prime factors of l?
3, 499
Suppose -4 + 12 = 2*o, -4*r - 168 = -2*o. Let p = 43 + r. What are the prime factors of p?
3
Let d(g) = 88*g**2 + 277*g + 1. List the prime factors of d(-7).
2, 1187
Suppose 10*b - 2*m - 279 = 5*b, 0 = -4*b + m + 222. List the prime factors of b.
5, 11
Let z(l) = -l - 38 + 58 + 12. List the prime factors of z(-12).
2, 11
Suppose j = 0, 3*o - 16 = 5*j - 7. Suppose i + o*i + 5*r - 391 = 0, -5*i - 5*r = -490. List the prime factors of i.
3, 11
Suppose 1314 = -5*b + 6314. List the prime factors of b.
2, 5
Let x(c) = -13*c + 29. What are the prime factors of x(-29)?
2, 7, 29
Suppose -54476 - 11044 = -30*o. What are the prime factors of o?
2, 3, 7, 13
Let k(x) = -x**3 + 10*x**2 - 11*x - 6. Let d be -7*(18/(-81) - (-80)/(-126)). What are the prime factors of k(d)?
2, 3
Suppose -3758 = -v + 3*g, 14*g = 3*v + 16*g - 11252. What are the prime factors of v?
2, 7, 67
Let g = -3 + 1. Let j(t) be the third derivative of t**5/60 + t**4/24 + t**3/2 + 17*t**2 - 3. List the prime factors of j(g).
5
Let k = 406 - 382. What are the prime factors of k?
2, 3
Let r(p) = p. Let f be r(3). What are the prime factors of (3 - 9/f) + 1 - -71?
2, 3
Let p(n) = 2153*n**2 - 34*n + 2. List the prime factors of p(-1).
11, 199
Let m(n) = 2*n**2 + 23*n + 16. Let y(p) = -7*p - 33. Let k be y(-2). List the prime factors of m(k).
7, 43
Suppose -4*o = -y - 91, -y + 4*y + 31 = o. Let c be ((-11)/o)/(1/(-6)). Suppose c*i + 334 = 5*p, 2*p - 4*p = -5*i - 145. List the prime factors of p.
5, 13
Suppose -9 = -3*m + 3. Suppose 4*j + 6*k - 36 = 2*k, m*j + 2*k - 36 = 0. Suppose -r - 2 = -j. List the prime factors of r.
7
Suppose 19*c - 24*c = 0. Suppose y + 51 = 2*j - 10, c = j + 5*y - 58. What are the prime factors of j?
3, 11
Suppose -289*m = -285*m - 2700. What are the prime factors of m?
3, 5
Let f(t) = t**2 - 39*t + 394. List the prime factors of f(36).
2, 11, 13
What are the prime factors of 30 + -24 - -13*8?
2, 5, 11
Let o(x) = 8 + 4*x + 0 - 2*x**2 + 4*x**2. List the prime factors of o(5).
2, 3, 13
Suppose 0 = -5*r + g + 615, -17*g + 18*g = 0. What are the prime factors of r?
3, 41
Let a = -16 - -15. Let u be 1 + (-5)/(-1) + a. Let k(f) = 3*f + 4. What are the prime factors of k(u)?
19
Let j = 2700 - 1817. What are the prime factors of j?
883
Suppose 0 = -4*v + 4*i - 40, 18 = 3*v + 2*i + 73. Let x be (-18)/v*20/6. Suppose -m + 12 = -x. List the prime factors of m.
2
Suppose 81602 = 16*t + 4162. What are the prime factors of t?
2, 5, 11
Suppose 15*z = 9*z + 7248. What are the prime factors of z?
2, 151
Suppose -5*r + 15 = 0, 5*a + 2*r - 46 - 20 = 0. Let u(z) = 5*z + 19. List the prime factors of u(a).
79
Let u(c) = -756*c + 134. What are the prime factors of u(-3)?
2, 1201
Let y = -193 - -47. Let h = y + 273. List the prime factors of h.
127
Suppose 11 = -a + 1. List the prime factors of 122/4 + a/20.
2, 3, 5
Let c be (36 - -5)*3 + 3. Let q = c + -95. What are the prime factors of q?
31
Let l be (-80 - 3) + (-3 - -1). Let h be (-592)/5 + (-34)/l. Let z = -72 - h. What are the prime factors of z?
2, 23
Suppose -9*k = -5*k - k. Suppose -2*l + 308 - 36 = k. What are the prime factors of l?
2, 17
Let p(w) = w**3 + 6*w + 10*w + 6 + 5*w**2 - 13*w. Let v be p(-4). Suppose -2*k + 26 + v = 0. List the prime factors of k.
2, 3
Let h be (7 - 6)*(-10 + -1). Let m be (-20)/(-90) - h/(-9). Let x = m + 7. What are the prime factors of x?
2, 3
Suppose 3*m - 1933 = 2*u, -2853 = -5*m + 2*u + 370. List the prime factors of m.
3, 5, 43
Suppose -2*q = -f + 2*q + 5, f - 5*q = 6. Suppose 0 = s + 4*s - 10. List the prime factors of 12*s*f - 0.
2, 3
Suppose v = k + 6*v - 6, 3*k + 4*v = 29. Let z = 55 - k. What are the prime factors of z?
2, 11
Let j(l) = 20*l**2 + 7*l + 14. Let k be j(-4). Let a = 564 - k. What are the prime factors of a?
2, 3, 43
Let w(u) = 24*u**2 + 9*u - 19. What are the prime factors of w(-6)?
7, 113
Let v be 